at is the remainder when n(-7) is divided by 27?
22
Suppose 4 + 2 = -h. Let j(n) = n - 4. Let t(c) = -c + 3. Let f(y) = h*t(y) - 5*j(y). Calculate the remainder when f(7) is divided by 5.
4
Let u(n) = -9*n + 11. Let g be u(-9). Suppose -g = -7*l + 3*l. Suppose 0 = -2*m + 6 + 10. Calculate the remainder when l is divided by m.
7
Suppose 0 = -k + 4 + 59. Suppose -m = 4*s - k, 3*m - m - 66 = 4*s. Suppose 3*a - 47 = 2*h, h = 3*h + 2. Calculate the remainder when m is divided by a.
13
Suppose 4*r + 0*r = -2*n - 10, -4*n = 5*r + 11. What is the remainder when 35 is divided by (5/10)/(n/24)?
11
Let k be 13/4 + 2/(-8). Let w be -1 + 0 + (k - -15). Suppose 35 = 4*s - w. What is the remainder when 24 is divided by s?
11
Let z(x) = -59*x + 13. Let l(t) = -29*t + 6. Let u(f) = 13*l(f) - 6*z(f). Calculate the remainder when 67 is divided by u(-1).
21
Calculate the remainder when 43 is divided by (0 - -5)/(4/12).
13
Suppose -3*x + 3*z = -70 + 7, z = -2*x + 27. What is the remainder when x is divided by 5?
1
Let w = 2 + 2. Suppose 0*u + 30 = 3*u. Calculate the remainder when u is divided by w.
2
Suppose -1 = z - 5*x, x - 83 = -5*z - 10. Let p = -22 - -28. Suppose p = 5*w - 9, -2*u + 37 = -5*w. Calculate the remainder when u is divided by z.
12
Let m(g) = 52*g**2 - g + 2. Calculate the remainder when m(1) is divided by 28.
25
Calculate the remainder when 3 is divided by -4*((-26)/56 - (-4)/(-14)).
0
Suppose 24*u = 26*u - 84. What is the remainder when u is divided by 22?
20
Let y(j) be the first derivative of 2 + 5/2*j**2 + 0*j - 1/3*j**3. What is the remainder when 22 is divided by y(3)?
4
What is the remainder when (-10)/(-4)*42/35 is divided by 3?
0
Let a(u) = 37*u**2 + 2*u - 2. What is the remainder when a(1) is divided by 8?
5
Suppose -2*f + 12 = 2*v, -v - 3*v + 3*f = -3. What is the remainder when 10 is divided by v?
1
Let n = 58 - 24. Calculate the remainder when n is divided by 10.
4
What is the remainder when 15 is divided by 66/17 + 28/238?
3
Let n(z) = -6 + 4*z**2 + 9*z + z**3 + 5*z**2 + 14. Let t be n(-8). Let g = 10 + t. What is the remainder when 19 is divided by g?
9
Suppose 5*k + 2*k = 84. Calculate the remainder when 69 is divided by k.
9
Suppose -46 = -2*t - 2*k, 3*t + 0*k - k - 77 = 0. Let w be (2/(-2) - -3) + t. What is the remainder when 30 is divided by (-4)/(-18) + 426/w?
14
Suppose 0 = -12*y - 24 + 108. What is the remainder when 33 is divided by y?
5
Suppose -5*z + 8 = -z. Let c be (-5 + z)/3 + -20. What is the remainder when (30 - 0)*(-7)/c is divided by 3?
1
Let z = -19 + 28. Let w = -2 + 27. Calculate the remainder when w is divided by z.
7
Suppose -v + 4*v - 3*m - 183 = 0, -5*v + 3*m = -309. Calculate the remainder when v is divided by 22.
19
Let u be 0 - (-6)/(1 + 1). Let b be 1 - u/(-3) - 0. Suppose x = -5*m + 39, 4 + 26 = 4*m + b*x. Calculate the remainder when m is divided by 3.
2
Let w(r) = -r**3 + 4*r**2 + 2*r + 3. Let o be w(5). Let f(a) = -a**2 - 5*a + 5. Let u be f(-6). Let l = u - o. Calculate the remainder when l is divided by 6.
5
Suppose 3*a - a = 4*h - 64, 0 = -2*h - 2*a + 26. What is the remainder when h is divided by 9?
6
Suppose 0 = 4*u - 3 - 5. Suppose -5*r + 4*j + 7 = -37, 0 = -u*j - 2. What is the remainder when r is divided by 10*(6/(-4))/(-3)?
3
Let v be (3/2)/((-33)/(-22)). Calculate the remainder when 25 is divided by v*15 + (-9 - -7).
12
Let m(d) = -d**3 - 11*d**2 - 7*d + 11. Let f be m(-11). What is the remainder when 86 is divided by (f/(-6))/(4/(-6))?
20
Suppose -5*t + a = -3*a - 77, t = -a + 19. What is the remainder when t is divided by 10?
7
Suppose 0 = -a - 4*n - 4, -15 = 4*a - 2*n + 1. Let x = a + 1. Calculate the remainder when 12 - x/(3 + 0) is divided by 5.
3
Let w(i) = i**3 - 7*i**2 + 7*i - 4. Suppose -s = 3 + 1. Let d(y) = y**2 + 3*y - 2. What is the remainder when w(6) is divided by d(s)?
0
Let y(m) = -m + 2. Let b be y(2). Suppose -5*i + 95 = -b*i. Suppose -i = -0*t - t. Calculate the remainder when t is divided by 7.
5
Let n = 13 - 7. Calculate the remainder when (1 + 21)*(-1)/(-2) is divided by n.
5
Let l = -13 + 23. Let i(y) = 18*y + 3. Let r be i(3). Suppose g + r = 4*g. Calculate the remainder when g is divided by l.
9
Suppose 0 = -l + 5*l + 4*y - 16, -y = -2. What is the remainder when 2 is divided by l?
0
Suppose 5*h = 5*y - 7 + 52, h + 5*y = -21. Suppose 6*j - 3*j - 15 = 0, h*j = -3*v + 284. What is the remainder when ((-1)/2)/((-2)/v) is divided by 8?
6
Suppose 0 = -t - 4*f + 45, 2*f - 4 = f. What is the remainder when 114 is divided by t?
27
Suppose a - 636 = -11*a. What is the remainder when 207 is divided by a?
48
Let n(m) = 0 + 2 + 6*m**2 - m + 5 - 6. Let v = -3 - -4. What is the remainder when 11 is divided by n(v)?
5
Suppose -17 = v - 4*o - 47, 5*v - 3*o = 99. Suppose 0*d = 3*d - v. Calculate the remainder when (-3)/(-1) - 14*-1 is divided by d.
5
Suppose 3*z = -17 + 2, 3*k + 4*z - 61 = 0. What is the remainder when k is divided by 7?
6
Let y = -16 + 20. What is the remainder when 7 is divided by y?
3
Let i(d) = 3*d - 5. Let o be 3 - 14*(-3)/6. Calculate the remainder when i(o) is divided by 7.
4
Suppose -3 = 4*r + 13. Let w(d) be the third derivative of -d**6/120 - d**5/60 + d**4/4 + d**3/3 - 2*d**2. Calculate the remainder when w(r) is divided by 9.
8
Suppose 0 = 4*a - 58 - 26. What is the remainder when 37 is divided by a?
16
Let b(v) = 2*v - 6. Suppose -5*k + 27 = -2*s + s, 2*k - 3 = 3*s. Calculate the remainder when 22 is divided by b(k).
4
Let l(y) = -10*y - 3. Suppose 3*z - 145 = 311. Suppose -k = -x + 2*k + 56, 3*x - z = k. What is the remainder when x is divided by l(-2)?
16
Let o(s) = s**2 - 5*s - 10. Suppose 4*n + j - 28 = 0, -5 = -5*n + 5*j + 30. Let g(p) = p + 1. Let x be g(n). Calculate the remainder when o(x) is divided by 8.
6
Suppose 0 = 2*b - 27 + 5. Let y = b - 1. Calculate the remainder when 14 is divided by 44/y + 2/(-5).
2
Let n be (3 + -1 - 0) + 0. Suppose 0 = -3*a + 2*p + 23, -4*p - 1 = -a + 10. Suppose -a*q + n*q = -200. Calculate the remainder when q is divided by 14.
12
What is the remainder when 64 is divided by 3/(-27) + 616/36?
13
Let j be (1/1)/((-3)/243). Let m be (-4)/10 - j/15. Suppose -m*l = 4*a - 35, -2*l - 3*l - 55 = -2*a. Calculate the remainder when 29 is divided by a.
14
Suppose 2*j = 3*o + o, -2*o = 4*j - 20. Suppose -j*n + 13 = -4*f - 3, 0 = -3*n + 4*f + 7. What is the remainder when n is divided by 6?
3
Suppose 0 = 5*t - 2*u - 116, -u - 8 = -5*u. Calculate the remainder when t is divided by 4.
0
Let m(z) = z**3 - 6*z**2 + 6*z - 2. Suppose 2*q + 4*b - 2 = 0, 0 = -4*q - b - 4*b + 13. Calculate the remainder when q is divided by m(5).
1
Suppose 0*w = w + 5*o - 55, 80 = 2*w + 4*o. What is the remainder when w is divided by 11?
8
Suppose -5*v + 152 = -5*q - 23, -3*v + 4*q + 103 = 0. Suppose 5*z = 28 + 37. What is the remainder when v is divided by z?
11
Suppose -4*n - 95 = -5*n - 2*w, 3*n - 3*w - 330 = 0. Suppose n = 4*x - x. Calculate the remainder when x is divided by 19.
16
Let t = -15 - -20. What is the remainder when 9 is divided by t?
4
Let b be (-3)/9 - (-20)/6. Suppose -25 - 14 = -b*z. Calculate the remainder when 25 is divided by z.
12
Let n = 22 - 18. What is the remainder when 5 is divided by n?
1
Let a(j) = 4*j**2 - 2*j + 3. Suppose -2*o = -5*o - 5*n + 238, 0 = -4*n - 16. What is the remainder when o/3 + 4/(-6) is divided by a(2)?
13
Let r(s) = s**2 - 6*s - 6. Calculate the remainder when 58 is divided by r(-3).
16
Let o(l) = -l**3 - 4*l**2 - 3*l + 2. Let v(w) = w**3 + w**2 - w - 4. Let n be v(0). What is the remainder when (0 - -1)*53/1 is divided by o(n)?
11
Let k = -3 + 67. Suppose k = n + 5. Calculate the remainder when n is divided by 31.
28
Suppose 3*w + h = -0*w + 166, 146 = 3*w + 5*h. Suppose -w = -2*o - 7. Calculate the remainder when o is divided by 9.
7
Suppose 4*b = 5*o - 53, 2*b + 2*o + 25 = 3*o. Let u = b + 35. Let j = u - 14. Calculate the remainder when 17 is divided by j.
8
Suppose 9*i = 12*i - 75. What is the remainder when i is divided by 14?
11
Let c = -2 - -33. Calculate the remainder when c is divided by 11.
9
Suppose 5*n - u = 94, 3*n - 5*u - 46 = -7*u. Calculate the remainder when 34 is divided by n.
16
Calculate the remainder when 2/1*1605/30 is divided by 27.
26
Calculate the remainder when 57 is 